6. List the prime factors of b.
29
Let f = 3 + 14. Let o = -5 + f. List the prime factors of o.
2, 3
Let k be 30/3 - (-2)/(-2). Suppose -4*o = -k*o - 5. What are the prime factors of 5 + 4/(-3 - o)?
3
Let i = -11 + 19. List the prime factors of i.
2
Let z be -4*1/(4/(-5)). Suppose b + y - 3 = 0, -z*b + 0*b + 2*y + 36 = 0. What are the prime factors of b?
2, 3
What are the prime factors of 252/(-72)*(-26)/(-7)*-2?
2, 13
Suppose 29 = w - 41. List the prime factors of w.
2, 5, 7
Let h(v) = v**3 - 3*v**2 + v + 3. Suppose 4 = 2*p, -2*t + 4*p - 6 = p. Suppose t = -5*w + 3*j + 15, 0*j = j. List the prime factors of h(w).
2, 3
Let y be (8/12)/(2/39). Suppose -y = -i - 0*i. What are the prime factors of i?
13
Suppose -3*o = -2*v - 14, 0*o - 10 = o + 3*v. Let q(y) = 2*y**2 + 2*y - 1. List the prime factors of q(o).
11
Let f(d) = d**2 + 7*d + 1. Let c be f(-7). What are the prime factors of (c/3)/((-5)/(-705))?
47
Let s = -2 - -4. Suppose -5*c = 2*x + 2*x - 157, s*x + 5*c - 91 = 0. What are the prime factors of x?
3, 11
Let t(k) = -2*k + 58*k**2 + k + 6*k - 57*k**2 - 4. Suppose s + 21 = -2*s. List the prime factors of t(s).
2, 5
Let a(w) = 26*w**2 + w + 4. What are the prime factors of a(-2)?
2, 53
Suppose 0 = 2*y - y. Suppose -m = -y*m - 11. What are the prime factors of m?
11
Let d(b) = -2*b**3 - 3*b**2 + 10. List the prime factors of d(-4).
2, 3, 5
Let u = 197 + 77. What are the prime factors of u?
2, 137
Let q(d) be the second derivative of d**5/20 - 3*d**4/4 + d**3/6 + d**2/2 - d. List the prime factors of q(9).
2, 5
Let j be ((-2)/(-1))/((-5)/(-195)). Suppose 5*h - 4*y - 21 = j, -4*h = -5*y - 72. Suppose -2*u + 5*a + h = 0, -a = 2*u + 3*a - 50. List the prime factors of u.
19
Let n(j) = 6*j + 2. Let z(w) = -w. Let x(l) = -n(l) - z(l). What are the prime factors of x(-3)?
13
Suppose -50 = -2*v - 0*v. Let s = 29 - v. List the prime factors of s.
2
Suppose 0 = -4*u + 2*g - 36, 2*g + 6 = -2*u - 3*g. Suppose -3*y + 2*a - 290 = 0, 3*y + y + 388 = 3*a. What are the prime factors of y/(-14) - u/28?
7
Let h(d) = 3*d**2 - 13*d + 1. List the prime factors of h(9).
127
Suppose 2*d - 521 = -4*l + 3*d, 5*d + 5 = 0. Suppose -5*k + l = -20. What are the prime factors of k?
2, 3, 5
Let s = 6 + -3. Suppose -2*q - s*q + 105 = 0. Suppose 5*c = q + 19. What are the prime factors of c?
2
Let n(f) = f**2 + 3*f - 4. Let h be n(-4). What are the prime factors of (3 - 2) + (3 - h)?
2
Let q(u) be the third derivative of 1/8*u**4 + 1/20*u**5 + 0 + 0*u + 1/3*u**3 + 2*u**2 - 1/120*u**6. List the prime factors of q(3).
11
Let x be 7*(2 + 0 + -5). What are the prime factors of (60/14)/((-3)/x)?
2, 3, 5
Let u(g) = -g**3 - 12*g**2 - 2*g + 9. Suppose 0 = -4*v - 5*m - 68, 2*m = -4*v - 0*m - 56. What are the prime factors of u(v)?
3, 11
What are the prime factors of ((-90)/(-4))/(6/56)?
2, 3, 5, 7
Let j(g) = g**3 + 14*g**2 + 12*g - 9. Let p be 201/(-15) + (-6)/(-15). What are the prime factors of j(p)?
2
Let l(p) = -1 + p**3 + 6 - 2 + p**2 + 6. What are the prime factors of l(0)?
3
Let q(f) = -f**3 - 5*f**2 + 10*f + 7. What are the prime factors of q(-7)?
5, 7
Let y(l) = 23*l + 2. What are the prime factors of y(3)?
71
Let z = -42 + 12. Let d = 63 + z. List the prime factors of d.
3, 11
List the prime factors of 6*((-17)/(-2))/1.
3, 17
Let a = 7 + -1. What are the prime factors of a/15 - (-16)/10?
2
Suppose a + 128 = 2*a. Suppose -a = -5*z + 7. What are the prime factors of z?
3
Let c(s) = -5*s - 7. Let m(a) = 5*a + 6. Let p(l) = 2*c(l) + 3*m(l). List the prime factors of p(3).
19
Suppose 44 = -3*v + 7*v. Suppose 0 = -2*y - 2, -4*y = -0*h + h - v. What are the prime factors of h?
3, 5
Suppose 0*c + 4*c - 92 = -2*b, 4*c = 3*b - 178. What are the prime factors of b?
2, 3
Suppose 2*k = -5*v + 5*k + 404, -5*k = 15. What are the prime factors of v?
79
Suppose 0 = 2*s - 5*i - 279, -3*s + 2*s + 4*i + 135 = 0. List the prime factors of s.
3, 7
Let f = -7 + 10. Let m be f/(-6) + (-6)/(-4). What are the prime factors of (m - 0) + (5 - -2)?
2
Suppose -d = -8 + 1. Suppose -d*k - 60 = -11*k. List the prime factors of k.
3, 5
Let w = -13 - -57. Suppose 3*a = -3*c + w + 55, 2*c - 60 = a. List the prime factors of c.
31
Let r = 269 + -181. List the prime factors of r.
2, 11
Suppose 0*z - 2*z = -16. List the prime factors of z.
2
Let n be (3 + -2)/(3/51). Suppose 87 = 5*u + n. What are the prime factors of u?
2, 7
Let s(h) = -h**3 + 2*h**2 + 3*h - 2. What are the prime factors of s(-3)?
2, 17
Suppose u - j = -u, 4*u = j. Suppose u = -4*q + 13 + 59. Let s = 30 - q. What are the prime factors of s?
2, 3
What are the prime factors of (-2)/6*-8*387/12?
2, 43
What are the prime factors of -1 + -2 + (13 - 2)?
2
Let j(h) = h**2 - 6*h + 7. What are the prime factors of j(10)?
47
Let s be 128/(-6)*33/(-11). List the prime factors of (-9 + 8)/((-2)/s).
2
Let c(m) = m + 3. List the prime factors of c(0).
3
Let a(m) = -3*m**3 + 6*m**2 + m - 9. Let x(s) = 2*s**3 - 3*s**2 - s + 5. Let r(k) = -3*a(k) - 5*x(k). What are the prime factors of r(-4)?
2, 5
Let c(a) = a**3 + 2*a**2 - 2*a - 1. Let d(p) = p**2 + 3*p + 2. Let k be d(-3). List the prime factors of c(k).
11
Suppose 0 = 4*c - 6*c - 12. List the prime factors of ((-30)/4)/(c/32).
2, 5
Suppose 0 = 2*l + 10, 2*o - l - 9 = 2. Suppose 3*g = -o*x + 24 + 3, 2*g - 2*x = 38. List the prime factors of g.
2, 7
Suppose 2*w - 3*y = y - 20, 3*w - 2*y = -50. Let a be 4/w + 161/5. Suppose 2*x - 2 - a = 0. List the prime factors of x.
17
Let s = -25 - -64. What are the prime factors of s?
3, 13
Let l(k) = k. Suppose 0 = -5*c - 4*x - 9, -4 = 3*c + x - 0*x. Let u be l(c). Let i = u + 4. What are the prime factors of i?
3
Suppose 3*p - 10 = -2*j, -15 - 10 = -5*j. Suppose -5*l + 30 = -5. Suppose 3*m + 2*g - 35 = -p*g, 0 = -3*m + 5*g + l. List the prime factors of m.
3
Let i(n) = 10*n - 3. List the prime factors of i(2).
17
Let a = 36 + 36. List the prime factors of a.
2, 3
Let y = 2 - -1. Suppose 4*z = -g - y, 7 = g - 0*z + 2*z. What are the prime factors of g?
17
Suppose -4*a + 5*q + 111 = 0, a - 9*q + 4*q = 39. List the prime factors of a.
2, 3
Let n = 2 + 1. Suppose n*k - 1 = 2*t, t + 2*k = -2*k + 16. Suppose 0 = -t*d + 4, -4*p + 7*p = -4*d + 34. List the prime factors of p.
2, 5
Suppose n - 1 = 3. Suppose n*t + 53 = 5*p, -3*p - 2*t + 17 = 3*t. List the prime factors of p.
3
What are the prime factors of (5 + 24/(-8))/((-2)/(-140))?
2, 5, 7
Let o be 3*(0 + (-2)/3). Let h be -8 + -2 + o/2. Let v = h - -23. What are the prime factors of v?
2, 3
Suppose 8*h + 12 = 4*h. Let d = 0 - h. What are the prime factors of d?
3
Suppose -155 = -0*r - 5*r. Suppose 0 = -5*o + 5*l + r + 4, 2*o + 5*l = 7. List the prime factors of o.
2, 3
Suppose 0*q - 16 = -3*q - 2*z, 2*z + 16 = 5*q. Suppose 2*i - 5*p = 62, -3*i = -q*i - 3*p + 31. What are the prime factors of i?
31
Suppose -c - 1 = -4. Suppose -5*j + 148 = c*p, 3*j - p = 3*p + 83. List the prime factors of j.
29
Suppose 0 = -4*h - 20, -q - 15 = 3*q + 3*h. Let j(p) = -2 - 2*p + 9 + p. What are the prime factors of j(q)?
7
Suppose -4*x + 2 = -2. Let m(r) = x - r**3 + 4*r**3 - 2*r**3 - 4*r - r**2. List the prime factors of m(3).
7
Let o(k) = k**3 - 6*k**2 + 6*k + 7. What are the prime factors of o(5)?
2, 3
Let m(w) = w**2 - 4. Let d(p) = -p**3 + p**2 + 3. Let v be d(0). What are the prime factors of m(v)?
5
Suppose -4*j = -0*j + 8. Let c = 1 - j. Suppose c*g - a - 18 = 0, 3*g + 6*a = a + 36. What are the prime factors of g?
7
Suppose 168 = -14*q + 18*q. Suppose -3*j = -2*k + j + q, -4*j = -k + 23. What are the prime factors of k?
19
Suppose 59 = 8*x - 237. List the prime factors of x.
37
Suppose -5*q + 54 = 3*r - 3*q, -2*q = -5*r + 106. Suppose 6*j = j - r. What are the prime factors of 6/j + (-7)/(-2)?
2
Let s(r) = r - 36. Let u be s(0). Let i = u + 53. List the prime factors of i.
17
Let t be 12/2*2/4. Let s be (t + -1)*(-2)/(-4). What are the prime factors of (s - (9 - 0))/(-1)?
2
Let r(y) = -y**3 + 4*y**2 - y + 2. Let f be r(4). Let z = 19 + f. List the prime factors of z.
17
Let n(b) = -14*b + 2. List the prime factors of n(-1).
2
Let p = -8 - -16. Let i = 4 - p. Let l = i + 14. What are the prime factors of l?
2, 5
Suppose -2*h - 3*h = -35. What are the prime factors of h?
7
Let f(y) = -2*y + 7. Let w be f(-9). Suppose 9 = -4*l + w. Lis